{"id":2599,"date":"2023-01-19T16:33:37","date_gmt":"2023-01-19T15:33:37","guid":{"rendered":"https:\/\/www.musiques-en-haut.fr\/?page_id=2599"},"modified":"2024-09-28T10:07:37","modified_gmt":"2024-09-28T08:07:37","slug":"musiques-en-haut-2023","status":"publish","type":"page","link":"https:\/\/www.musiques-en-haut.fr\/?page_id=2599","title":{"rendered":"Musiques en Haut 2024"},"content":{"rendered":"<p>Cette ann\u00e9e, deux \u00e9v\u00e8nements nationaux s&rsquo;imposent \u00e0 nous avec \u00e9vidence. En effet,\u00a0<em><strong>Musiques en Haut !<\/strong><\/em> n&rsquo;\u00e9chappera ni \u00e0 la th\u00e9matique du jeu en juillet et ni au centenaire de la disparition de Gabriel Faur\u00e9 (1845 &#8211; 1924) en octobre. Bon festival \u00e0 tous !<\/p>\n<p><a href=\"https:\/\/www.musiques-en-haut.fr\/?page_id=2813\">Programmation #1 (juillet 2024)<\/a><\/p>\n<p><a href=\"https:\/\/www.musiques-en-haut.fr\/?page_id=2828\">Programmation #2 (octobre 2024)<\/a><\/p>\n<p>&nbsp;<\/p>\n<p>&nbsp;<\/p>\n","protected":false},"excerpt":{"rendered":"<p>Cette ann\u00e9e, deux \u00e9v\u00e8nements nationaux s&rsquo;imposent \u00e0 nous avec \u00e9vidence. En effet,\u00a0Musiques en Haut ! n&rsquo;\u00e9chappera ni \u00e0 la th\u00e9matique du jeu en juillet et ni au centenaire de la disparition de Gabriel Faur\u00e9 (1845 &#8211; 1924) en octobre. Bon<\/p>\n","protected":false},"author":1,"featured_media":0,"parent":0,"menu_order":0,"comment_status":"closed","ping_status":"closed","template":"","meta":{"footnotes":""},"class_list":["post-2599","page","type-page","status-publish","hentry"],"jetpack_sharing_enabled":true,"_links":{"self":[{"href":"https:\/\/www.musiques-en-haut.fr\/index.php?rest_route=\/wp\/v2\/pages\/2599","targetHints":{"allow":["GET"]}}],"collection":[{"href":"https:\/\/www.musiques-en-haut.fr\/index.php?rest_route=\/wp\/v2\/pages"}],"about":[{"href":"https:\/\/www.musiques-en-haut.fr\/index.php?rest_route=\/wp\/v2\/types\/page"}],"author":[{"embeddable":true,"href":"https:\/\/www.musiques-en-haut.fr\/index.php?rest_route=\/wp\/v2\/users\/1"}],"replies":[{"embeddable":true,"href":"https:\/\/www.musiques-en-haut.fr\/index.php?rest_route=%2Fwp%2Fv2%2Fcomments&post=2599"}],"version-history":[{"count":4,"href":"https:\/\/www.musiques-en-haut.fr\/index.php?rest_route=\/wp\/v2\/pages\/2599\/revisions"}],"predecessor-version":[{"id":2851,"href":"https:\/\/www.musiques-en-haut.fr\/index.php?rest_route=\/wp\/v2\/pages\/2599\/revisions\/2851"}],"wp:attachment":[{"href":"https:\/\/www.musiques-en-haut.fr\/index.php?rest_route=%2Fwp%2Fv2%2Fmedia&parent=2599"}],"curies":[{"name":"wp","href":"https:\/\/api.w.org\/{rel}","templated":true}]}}